{"id":317,"date":"2025-05-12T09:04:49","date_gmt":"2025-05-12T09:04:49","guid":{"rendered":"https:\/\/heiss.thesanmarco.com\/?page_id=317"},"modified":"2025-05-28T11:31:39","modified_gmt":"2025-05-28T11:31:39","slug":"expertise","status":"publish","type":"page","link":"https:\/\/heiss.thesanmarco.com\/index.php\/expertise\/","title":{"rendered":"Expertise"},"content":{"rendered":"\t\t<div data-elementor-type=\"wp-page\" data-elementor-id=\"317\" class=\"elementor elementor-317\" data-elementor-post-type=\"page\">\n\t\t\t\t<div class=\"elementor-element elementor-element-ebfa2be e-con-full e-flex e-con e-parent\" data-id=\"ebfa2be\" data-element_type=\"container\">\n\t\t<div class=\"elementor-element elementor-element-40a0d4b e-con-full e-flex e-con e-child\" data-id=\"40a0d4b\" data-element_type=\"container\">\n\t\t\t\t<div class=\"elementor-element elementor-element-18ed696 elementor-widget elementor-widget-heading\" data-id=\"18ed696\" data-element_type=\"widget\" data-widget_type=\"heading.default\">\n\t\t\t\t\t<h1 class=\"elementor-heading-title elementor-size-default\">Vermittlung der Expertise<\/h1>\t\t\t\t<\/div>\n\t\t\t\t<div class=\"elementor-element elementor-element-98cea38 elementor-widget elementor-widget-text-editor\" data-id=\"98cea38\" data-element_type=\"widget\" data-widget_type=\"text-editor.default\">\n\t\t\t\t\t\t\t\t\tChristian Heiss ist neben seiner Consulting&shy;t\u00e4tigkeit auch als Vortragender und als Lehr&shy;beauftragter f\u00fcr verschiedene Institutionen t\u00e4tig. An der TU Wien, an der New Design University St. P\u00f6lten, den Fach&shy;hoch&shy;schulen Joanneum Graz und Krems oder der Universit\u00e4t f\u00fcr Bodenkultur vermittelt er sein umfang&shy;reiches Wissen an Studierende. Nationale wie auch internationale Organisationen, Fach&shy;medien und Unternehmen sch\u00e4tzen seine Expertise, die er im Rahmen diverser Vortr\u00e4ge an sein interessiertes Publikum weitergibt.\t\t\t\t\t\t\t\t<\/div>\n\t\t\t\t<div class=\"elementor-element elementor-element-1b59db3 elementor-hidden-tablet elementor-hidden-mobile elementor-widget elementor-widget-text-editor\" data-id=\"1b59db3\" data-element_type=\"widget\" data-widget_type=\"text-editor.default\">\n\t\t\t\t\t\t\t\t\t<p>Foto: Peter Burgstaller<\/p>\t\t\t\t\t\t\t\t<\/div>\n\t\t\t\t<\/div>\n\t\t<div class=\"elementor-element elementor-element-139bff2 e-con-full e-flex e-con e-child\" data-id=\"139bff2\" data-element_type=\"container\">\n\t\t\t\t<div class=\"elementor-element elementor-element-7ed654e elementor-widget elementor-widget-image\" data-id=\"7ed654e\" data-element_type=\"widget\" data-widget_type=\"image.default\">\n\t\t\t\t\t\t\t\t\t\t\t\t\t\t\t<img fetchpriority=\"high\" decoding=\"async\" width=\"1334\" height=\"2000\" src=\"https:\/\/heiss.thesanmarco.com\/wp-content\/uploads\/2025\/05\/1520_Foto_Burgstaller_DSC06605.jpg\" class=\"attachment-full size-full wp-image-732\" alt=\"\" srcset=\"https:\/\/heiss.thesanmarco.com\/wp-content\/uploads\/2025\/05\/1520_Foto_Burgstaller_DSC06605.jpg 1334w, https:\/\/heiss.thesanmarco.com\/wp-content\/uploads\/2025\/05\/1520_Foto_Burgstaller_DSC06605-200x300.jpg 200w, https:\/\/heiss.thesanmarco.com\/wp-content\/uploads\/2025\/05\/1520_Foto_Burgstaller_DSC06605-683x1024.jpg 683w, https:\/\/heiss.thesanmarco.com\/wp-content\/uploads\/2025\/05\/1520_Foto_Burgstaller_DSC06605-768x1151.jpg 768w, https:\/\/heiss.thesanmarco.com\/wp-content\/uploads\/2025\/05\/1520_Foto_Burgstaller_DSC06605-1025x1536.jpg 1025w\" sizes=\"(max-width: 1334px) 100vw, 1334px\" \/>\t\t\t\t\t\t\t\t\t\t\t\t\t\t\t<\/div>\n\t\t\t\t<div class=\"elementor-element elementor-element-52aa387 elementor-hidden-widescreen elementor-hidden-desktop elementor-widget elementor-widget-text-editor\" data-id=\"52aa387\" data-element_type=\"widget\" data-widget_type=\"text-editor.default\">\n\t\t\t\t\t\t\t\t\t<p>Foto: Peter Burgstaller<\/p>\t\t\t\t\t\t\t\t<\/div>\n\t\t\t\t<\/div>\n\t\t\t\t<\/div>\n\t\t<div class=\"elementor-element elementor-element-615c5 e-con-full e-flex e-con e-parent\" data-id=\"615c5\" data-element_type=\"container\">\n\t\t\t\t<div class=\"elementor-element elementor-element-84e2487 elementor-widget elementor-widget-image\" data-id=\"84e2487\" data-element_type=\"widget\" data-widget_type=\"image.default\">\n\t\t\t\t\t\t\t\t\t\t\t\t\t\t\t<img decoding=\"async\" width=\"2560\" height=\"747\" src=\"https:\/\/heiss.thesanmarco.com\/wp-content\/uploads\/2025\/05\/TU_Wien-Logo.png\" class=\"attachment-full size-full wp-image-375\" alt=\"\" srcset=\"https:\/\/heiss.thesanmarco.com\/wp-content\/uploads\/2025\/05\/TU_Wien-Logo.png 2560w, https:\/\/heiss.thesanmarco.com\/wp-content\/uploads\/2025\/05\/TU_Wien-Logo-300x88.png 300w, https:\/\/heiss.thesanmarco.com\/wp-content\/uploads\/2025\/05\/TU_Wien-Logo-1024x299.png 1024w, https:\/\/heiss.thesanmarco.com\/wp-content\/uploads\/2025\/05\/TU_Wien-Logo-768x224.png 768w, https:\/\/heiss.thesanmarco.com\/wp-content\/uploads\/2025\/05\/TU_Wien-Logo-1536x448.png 1536w, https:\/\/heiss.thesanmarco.com\/wp-content\/uploads\/2025\/05\/TU_Wien-Logo-2048x598.png 2048w\" sizes=\"(max-width: 2560px) 100vw, 2560px\" \/>\t\t\t\t\t\t\t\t\t\t\t\t\t\t\t<\/div>\n\t\t\t\t<div class=\"elementor-element elementor-element-15a8978 elementor-widget elementor-widget-image\" data-id=\"15a8978\" data-element_type=\"widget\" data-widget_type=\"image.default\">\n\t\t\t\t\t\t\t\t\t\t\t\t\t\t\t<img decoding=\"async\" width=\"2560\" height=\"2553\" src=\"https:\/\/heiss.thesanmarco.com\/wp-content\/uploads\/2025\/05\/New_Design_University-scaled.png\" class=\"attachment-full size-full wp-image-374\" alt=\"\" srcset=\"https:\/\/heiss.thesanmarco.com\/wp-content\/uploads\/2025\/05\/New_Design_University-scaled.png 2560w, https:\/\/heiss.thesanmarco.com\/wp-content\/uploads\/2025\/05\/New_Design_University-300x300.png 300w, https:\/\/heiss.thesanmarco.com\/wp-content\/uploads\/2025\/05\/New_Design_University-1024x1021.png 1024w, https:\/\/heiss.thesanmarco.com\/wp-content\/uploads\/2025\/05\/New_Design_University-150x150.png 150w, https:\/\/heiss.thesanmarco.com\/wp-content\/uploads\/2025\/05\/New_Design_University-768x766.png 768w, https:\/\/heiss.thesanmarco.com\/wp-content\/uploads\/2025\/05\/New_Design_University-1536x1532.png 1536w, https:\/\/heiss.thesanmarco.com\/wp-content\/uploads\/2025\/05\/New_Design_University-2048x2042.png 2048w\" sizes=\"(max-width: 2560px) 100vw, 2560px\" \/>\t\t\t\t\t\t\t\t\t\t\t\t\t\t\t<\/div>\n\t\t\t\t<div class=\"elementor-element elementor-element-92218be elementor-widget elementor-widget-image\" data-id=\"92218be\" data-element_type=\"widget\" data-widget_type=\"image.default\">\n\t\t\t\t\t\t\t\t\t\t\t\t\t\t\t<img loading=\"lazy\" decoding=\"async\" width=\"709\" height=\"145\" src=\"https:\/\/heiss.thesanmarco.com\/wp-content\/uploads\/2025\/05\/fotos-und-logos-7.png\" class=\"attachment-full size-full wp-image-376\" alt=\"\" srcset=\"https:\/\/heiss.thesanmarco.com\/wp-content\/uploads\/2025\/05\/fotos-und-logos-7.png 709w, https:\/\/heiss.thesanmarco.com\/wp-content\/uploads\/2025\/05\/fotos-und-logos-7-300x61.png 300w\" sizes=\"(max-width: 709px) 100vw, 709px\" \/>\t\t\t\t\t\t\t\t\t\t\t\t\t\t\t<\/div>\n\t\t\t\t<div class=\"elementor-element elementor-element-01da6ae elementor-widget elementor-widget-image\" data-id=\"01da6ae\" data-element_type=\"widget\" data-widget_type=\"image.default\">\n\t\t\t\t\t\t\t\t\t\t\t\t\t\t\t<img loading=\"lazy\" decoding=\"async\" width=\"1064\" height=\"557\" src=\"https:\/\/heiss.thesanmarco.com\/wp-content\/uploads\/2025\/05\/BOKU.png\" class=\"attachment-full size-full wp-image-372\" alt=\"\" srcset=\"https:\/\/heiss.thesanmarco.com\/wp-content\/uploads\/2025\/05\/BOKU.png 1064w, https:\/\/heiss.thesanmarco.com\/wp-content\/uploads\/2025\/05\/BOKU-300x157.png 300w, https:\/\/heiss.thesanmarco.com\/wp-content\/uploads\/2025\/05\/BOKU-1024x536.png 1024w, https:\/\/heiss.thesanmarco.com\/wp-content\/uploads\/2025\/05\/BOKU-768x402.png 768w\" sizes=\"(max-width: 1064px) 100vw, 1064px\" \/>\t\t\t\t\t\t\t\t\t\t\t\t\t\t\t<\/div>\n\t\t\t\t<div class=\"elementor-element elementor-element-61fbd67 elementor-widget elementor-widget-image\" data-id=\"61fbd67\" data-element_type=\"widget\" data-widget_type=\"image.default\">\n\t\t\t\t\t\t\t\t\t\t\t\t\t\t\t<img loading=\"lazy\" decoding=\"async\" width=\"2560\" height=\"1135\" src=\"https:\/\/heiss.thesanmarco.com\/wp-content\/uploads\/2025\/05\/IMC-scaled.png\" class=\"attachment-full size-full wp-image-373\" alt=\"\" srcset=\"https:\/\/heiss.thesanmarco.com\/wp-content\/uploads\/2025\/05\/IMC-scaled.png 2560w, https:\/\/heiss.thesanmarco.com\/wp-content\/uploads\/2025\/05\/IMC-300x133.png 300w, https:\/\/heiss.thesanmarco.com\/wp-content\/uploads\/2025\/05\/IMC-1024x454.png 1024w, https:\/\/heiss.thesanmarco.com\/wp-content\/uploads\/2025\/05\/IMC-768x340.png 768w, https:\/\/heiss.thesanmarco.com\/wp-content\/uploads\/2025\/05\/IMC-1536x681.png 1536w, https:\/\/heiss.thesanmarco.com\/wp-content\/uploads\/2025\/05\/IMC-2048x908.png 2048w\" sizes=\"(max-width: 2560px) 100vw, 2560px\" \/>\t\t\t\t\t\t\t\t\t\t\t\t\t\t\t<\/div>\n\t\t\t\t<\/div>\n\t\t<div class=\"elementor-element elementor-element-59db167 e-flex e-con-boxed e-con e-parent\" data-id=\"59db167\" data-element_type=\"container\">\n\t\t\t\t\t<div class=\"e-con-inner\">\n\t\t\t\t<div class=\"elementor-element elementor-element-765b8c3 elementor-widget elementor-widget-heading\" data-id=\"765b8c3\" data-element_type=\"widget\" data-widget_type=\"heading.default\">\n\t\t\t\t\t<h3 class=\"elementor-heading-title elementor-size-default\">\"Mit meiner langj\u00e4hrigen Erfahrung als Architekt ist es mir ein Anliegen, mein Wissen und meine Begeisterung f\u00fcr Architektur an alle weiterzugeben \u2013 an Menschen, die sich mit dem faszinierenden Thema beruflich oder auch privat besch\u00e4ftigen, und an junge Menschen, die Architektur studieren und die Zukunft unserer gebauten Umwelt gestalten werden.\"<\/h3>\t\t\t\t<\/div>\n\t\t\t\t<div class=\"elementor-element elementor-element-80781d5 elementor-widget elementor-widget-text-editor\" data-id=\"80781d5\" data-element_type=\"widget\" data-widget_type=\"text-editor.default\">\n\t\t\t\t\t\t\t\t\t<p>Christian Heiss<\/p>\t\t\t\t\t\t\t\t<\/div>\n\t\t\t\t\t<\/div>\n\t\t\t\t<\/div>\n\t\t<div class=\"elementor-element elementor-element-b36fd5b e-con-full e-flex e-con e-parent\" data-id=\"b36fd5b\" data-element_type=\"container\">\n\t\t<div class=\"elementor-element elementor-element-b363de5 e-con-full e-flex e-con e-child\" data-id=\"b363de5\" data-element_type=\"container\">\n\t\t\t\t<div class=\"elementor-element elementor-element-35d5746 elementor-widget elementor-widget-heading\" data-id=\"35d5746\" data-element_type=\"widget\" data-widget_type=\"heading.default\">\n\t\t\t\t\t<h3 class=\"elementor-heading-title elementor-size-default\">Kompetent in der Beurteilung<\/h3>\t\t\t\t<\/div>\n\t\t\t\t<div class=\"elementor-element elementor-element-e7268ac elementor-widget elementor-widget-text-editor\" data-id=\"e7268ac\" data-element_type=\"widget\" data-widget_type=\"text-editor.default\">\n\t\t\t\t\t\t\t\t\t<p>Sein Wissen und seine Erfahrung bringt Christian Heiss zudem seit \u00fcber 20 Jahren in Jurys bei (Architektur-)\u00adwettbewerben ein \u2013 dabei agiert er sowohl als Vorsitzender als auch als Mitglied diverser Fachjurys.<\/p><p>Er moderiert fachlich fundiert, strukturiert den Entscheidungsprozess klar und sorgt damit u.a. auch daf\u00fcr, dass alle relevanten Kriterien \u2013 von architektonischer Qualit\u00e4t \u00fcber St\u00e4dtebau bis Nachhaltigkeit \u2013 kompetent bewertet werden.<\/p>\t\t\t\t\t\t\t\t<\/div>\n\t\t\t\t<div class=\"elementor-element elementor-element-7aea448 elementor-widget elementor-widget-button\" data-id=\"7aea448\" data-element_type=\"widget\" data-widget_type=\"button.default\">\n\t\t\t\t\t\t\t\t\t\t<a class=\"elementor-button elementor-button-link elementor-size-sm\" href=\"https:\/\/heiss.thesanmarco.com\/index.php\/jury\/\">\n\t\t\t\t\t\t<span class=\"elementor-button-content-wrapper\">\n\t\t\t\t\t\t\t\t\t<span class=\"elementor-button-text\">mehr zur jury<\/span>\n\t\t\t\t\t<\/span>\n\t\t\t\t\t<\/a>\n\t\t\t\t\t\t\t\t<\/div>\n\t\t\t\t<div class=\"elementor-element elementor-element-9b7fa09 elementor-hidden-tablet elementor-hidden-mobile elementor-widget elementor-widget-text-editor\" data-id=\"9b7fa09\" data-element_type=\"widget\" data-widget_type=\"text-editor.default\">\n\t\t\t\t\t\t\t\t\t<p>Foto: Gerhard Wasserbauer<\/p>\t\t\t\t\t\t\t\t<\/div>\n\t\t\t\t<\/div>\n\t\t<div class=\"elementor-element elementor-element-7ce3a20 e-con-full e-flex e-con e-child\" data-id=\"7ce3a20\" data-element_type=\"container\">\n\t\t\t\t<div class=\"elementor-element elementor-element-9bdcd4f elementor-widget elementor-widget-image\" data-id=\"9bdcd4f\" data-element_type=\"widget\" data-widget_type=\"image.default\">\n\t\t\t\t\t\t\t\t\t\t\t\t\t\t\t<img loading=\"lazy\" decoding=\"async\" width=\"1600\" height=\"1600\" src=\"https:\/\/heiss.thesanmarco.com\/wp-content\/uploads\/2025\/05\/CHeiss-10197-39.jpg\" class=\"attachment-full size-full wp-image-688\" alt=\"\" srcset=\"https:\/\/heiss.thesanmarco.com\/wp-content\/uploads\/2025\/05\/CHeiss-10197-39.jpg 1600w, https:\/\/heiss.thesanmarco.com\/wp-content\/uploads\/2025\/05\/CHeiss-10197-39-300x300.jpg 300w, https:\/\/heiss.thesanmarco.com\/wp-content\/uploads\/2025\/05\/CHeiss-10197-39-1024x1024.jpg 1024w, https:\/\/heiss.thesanmarco.com\/wp-content\/uploads\/2025\/05\/CHeiss-10197-39-150x150.jpg 150w, https:\/\/heiss.thesanmarco.com\/wp-content\/uploads\/2025\/05\/CHeiss-10197-39-768x768.jpg 768w, https:\/\/heiss.thesanmarco.com\/wp-content\/uploads\/2025\/05\/CHeiss-10197-39-1536x1536.jpg 1536w\" sizes=\"(max-width: 1600px) 100vw, 1600px\" \/>\t\t\t\t\t\t\t\t\t\t\t\t\t\t\t<\/div>\n\t\t\t\t<div class=\"elementor-element elementor-element-e8bb9c1 elementor-hidden-widescreen elementor-hidden-desktop elementor-widget elementor-widget-text-editor\" data-id=\"e8bb9c1\" data-element_type=\"widget\" data-widget_type=\"text-editor.default\">\n\t\t\t\t\t\t\t\t\t<p>Foto: Gerhard Wasserbauer<\/p>\t\t\t\t\t\t\t\t<\/div>\n\t\t\t\t<\/div>\n\t\t\t\t<\/div>\n\t\t\t\t<\/div>\n\t\t","protected":false},"excerpt":{"rendered":"<p>Vermittlung der Expertise Christian Heiss ist neben seiner Consulting&shy;t\u00e4tigkeit auch als Vortragender und als Lehr&shy;beauftragter f\u00fcr verschiedene Institutionen t\u00e4tig. An der TU Wien, an der New Design University St. P\u00f6lten, den Fach&shy;hoch&shy;schulen Joanneum Graz und Krems oder der Universit\u00e4t f\u00fcr Bodenkultur vermittelt er sein umfang&shy;reiches Wissen an Studierende. Nationale wie auch internationale Organisationen, Fach&shy;medien und [&hellip;]<\/p>\n","protected":false},"author":2,"featured_media":688,"parent":0,"menu_order":0,"comment_status":"closed","ping_status":"closed","template":"","meta":{"footnotes":""},"class_list":["post-317","page","type-page","status-publish","has-post-thumbnail","hentry"],"_links":{"self":[{"href":"https:\/\/heiss.thesanmarco.com\/index.php\/wp-json\/wp\/v2\/pages\/317","targetHints":{"allow":["GET"]}}],"collection":[{"href":"https:\/\/heiss.thesanmarco.com\/index.php\/wp-json\/wp\/v2\/pages"}],"about":[{"href":"https:\/\/heiss.thesanmarco.com\/index.php\/wp-json\/wp\/v2\/types\/page"}],"author":[{"embeddable":true,"href":"https:\/\/heiss.thesanmarco.com\/index.php\/wp-json\/wp\/v2\/users\/2"}],"replies":[{"embeddable":true,"href":"https:\/\/heiss.thesanmarco.com\/index.php\/wp-json\/wp\/v2\/comments?post=317"}],"version-history":[{"count":74,"href":"https:\/\/heiss.thesanmarco.com\/index.php\/wp-json\/wp\/v2\/pages\/317\/revisions"}],"predecessor-version":[{"id":735,"href":"https:\/\/heiss.thesanmarco.com\/index.php\/wp-json\/wp\/v2\/pages\/317\/revisions\/735"}],"wp:featuredmedia":[{"embeddable":true,"href":"https:\/\/heiss.thesanmarco.com\/index.php\/wp-json\/wp\/v2\/media\/688"}],"wp:attachment":[{"href":"https:\/\/heiss.thesanmarco.com\/index.php\/wp-json\/wp\/v2\/media?parent=317"}],"curies":[{"name":"wp","href":"https:\/\/api.w.org\/{rel}","templated":true}]}}